{"id":2,"date":"2015-10-01T02:49:26","date_gmt":"2015-10-01T02:49:26","guid":{"rendered":"http:\/\/periodismobahia.com.ar\/viento-sur\/?page_id=2"},"modified":"2015-11-25T21:01:21","modified_gmt":"2015-11-25T21:01:21","slug":"viento-sur-digital","status":"publish","type":"page","link":"https:\/\/periodismobahia.com.ar\/viento-sur\/?page_id=2","title":{"rendered":"Viento Sur Digital"},"content":{"rendered":"<p>Viento Sur, es una antigua propuesta del <strong>I.S.C.C.S<\/strong>, gestionada desde sus inicios por la querida profesora <strong>Marta Nassif de Colamarino<\/strong>, para que futuros periodistas puedan difundir sus trabajos y formas de ver la vida en sociedad. El formato papel, caracter\u00edstico por sus dimensiones, trabajo colaborativo y amplia distribuci\u00f3n, hoy es parte de un pasado que intentaremos reeditar.<\/p>\n<h3>El primer paso para ello es VIENTO SUR digital.<\/h3>\n<p>Un espacio creado para que estudiantes de Periodismo publiquen diferentes datos y opiniones sobre realidades locales y sus protagonistas.<\/p>\n<p>Un punto de encuentro entre lectores \u00e1vidos de nuevas miradas, y comunicadores comprometidos con los hechos que acontecen.<\/p>\n<p>Una oportunidad digital para incorporar otras voces, debatir, y transformar la agenda predeterminada de muchos medios de comunicaci\u00f3n.<\/p>\n<h2>Conoce m\u00e1s, compart\u00ed su contenido y sumate a la nueva comunicaci\u00f3n.<\/h2>\n","protected":false},"excerpt":{"rendered":"<p>Viento Sur, es una antigua propuesta del I.S.C.C.S, gestionada desde sus inicios por la querida profesora Marta Nassif de Colamarino, para que futuros periodistas puedan difundir sus trabajos y formas de ver la vida en sociedad. El formato papel, caracter\u00edstico por sus dimensiones, trabajo colaborativo y amplia distribuci\u00f3n, hoy es parte de un pasado que [&hellip;]<\/p>\n","protected":false},"author":1,"featured_media":0,"parent":0,"menu_order":0,"comment_status":"closed","ping_status":"open","template":"","meta":{"footnotes":""},"_links":{"self":[{"href":"https:\/\/periodismobahia.com.ar\/viento-sur\/index.php?rest_route=\/wp\/v2\/pages\/2"}],"collection":[{"href":"https:\/\/periodismobahia.com.ar\/viento-sur\/index.php?rest_route=\/wp\/v2\/pages"}],"about":[{"href":"https:\/\/periodismobahia.com.ar\/viento-sur\/index.php?rest_route=\/wp\/v2\/types\/page"}],"author":[{"embeddable":true,"href":"https:\/\/periodismobahia.com.ar\/viento-sur\/index.php?rest_route=\/wp\/v2\/users\/1"}],"replies":[{"embeddable":true,"href":"https:\/\/periodismobahia.com.ar\/viento-sur\/index.php?rest_route=%2Fwp%2Fv2%2Fcomments&post=2"}],"version-history":[{"count":2,"href":"https:\/\/periodismobahia.com.ar\/viento-sur\/index.php?rest_route=\/wp\/v2\/pages\/2\/revisions"}],"predecessor-version":[{"id":386,"href":"https:\/\/periodismobahia.com.ar\/viento-sur\/index.php?rest_route=\/wp\/v2\/pages\/2\/revisions\/386"}],"wp:attachment":[{"href":"https:\/\/periodismobahia.com.ar\/viento-sur\/index.php?rest_route=%2Fwp%2Fv2%2Fmedia&parent=2"}],"curies":[{"name":"wp","href":"https:\/\/api.w.org\/{rel}","templated":true}]}}